5/30 + j**4/12 + 2*j. Let s(v) be the third derivative of o(v). Give s(3).
7
Let b(j) = j**3 - 5*j**2 - 3*j - 8. Let m be ((-2)/4)/(5/(-60)). Let p be b(m). Let r(z) = -2*z + 15. Let v be r(p). Let n(u) = -2*u - 2. Give n(v).
8
Let t(f) = f**2 - 11*f + 11. Let h be (-4)/((5/10)/(-1)). Calculate t(h).
-13
Let q(r) be the first derivative of r**4/4 - 4*r**3/3 - 7*r**2/2 + 5*r - 33. What is q(4)?
-23
Let d be (-4)/10 - 36/(-15). Let l(p) = p**2 - 4*p**2 + p**d + 0*p**2 - p. Determine l(1).
-3
Let c(i) = -3*i**2 + 4*i - 3. Let a(u) = -12*u - 21. Let f be a(-2). What is c(f)?
-18
Suppose 10 = 4*h - 2. Let g(z) be the first derivative of 1/4*z**4 - h*z + 0*z**3 + 4 + 1/2*z**2. Give g(0).
-3
Let m(s) be the third derivative of 0 + 2/3*s**3 - 4*s**2 + 0*s + 1/24*s**4. What is m(0)?
4
Let n be (3/3)/((-1)/6). Let j(b) = b + 6. What is j(n)?
0
Let n be (-1)/(0 - 1)*3. Let a(l) = 2 - n*l**2 - 2 + 1. Let f = 0 + 1. Calculate a(f).
-2
Let b(h) = -53*h - 2 + 3 + 51*h. What is b(3)?
-5
Let y = -35 + 33. Let l(z) = -2*z + 3*z + 3*z. Calculate l(y).
-8
Let u(i) = -103*i + 104*i - 1 + 4. Let y(p) = -p - 2. Let k be y(2). What is u(k)?
-1
Let x(z) = 2*z**2 + z - 8*z**2 - z**3 + z + 5. Give x(-6).
-7
Let v(d) = -81*d**3 - 4*d**2 + 75*d**3 + 1 - 2 + 5*d**2. Suppose -2*q + 1 - 3 = 0. Determine v(q).
6
Let f(n) = 3*n. Let m be f(1). Let k(b) = -2*b + 3. Let d be k(m). Let u(r) = -r - 1. Calculate u(d).
2
Let v(m) be the second derivative of -m**3/2 + 3*m**2/2 + 3*m. Let n be (-5 - -4) + 1 + 5. What is v(n)?
-12
Let t(c) = -c**2 + 1. Suppose 2*l = 5*l - y - 1, -6 = -4*l - y. Let j(a) = -a**2 - 2*a + 8. Let w be j(-4). Let z = w + l. Give t(z).
0
Let t(d) = 4*d**2 + d + 1. Let f be -2 - -1 - -2 - 0. Let o be (3 + (-3 - 1))/f. Calculate t(o).
4
Let w(v) = -6 - v - 9 - 3 + 25. Give w(7).
0
Let r be -4 - (1 - 4) - 5. Let q(h) = -h**3 - 7*h**2 - 5*h + 6. Give q(r).
0
Let s(c) = c**2. Let m be (3/1)/(1/1). Calculate s(m).
9
Let u(z) = z**3 + 7*z**2 + 5*z - 4. Let f be u(-6). Let l(k) = -k + 1 + k**2 - 2*k**f + k**2 - k**2. Calculate l(0).
1
Suppose -q - 3*z - 2 = -z, -5*q + 5*z = -5. Suppose -5*x = 10 - q. Let s(a) = -2*a**3 - a**2 + 3*a + 3. Calculate s(x).
9
Let b(u) = u**2 - 6*u + 6. Suppose 3*y - 8 = 10. Calculate b(y).
6
Let t(d) = -d**3 + 2*d**3 + 2*d - 2*d. Let u be 4*(0 + 2/(-4)). What is t(u)?
-8
Let u(t) = t + 4. Let x be (-50)/(-5)*(-6)/(-10). Suppose 5*v - x = 7*v. Determine u(v).
1
Let r(b) = -b + 2*b - 6*b - b**2 + 7 - 6*b. What is r(-11)?
7
Let p = -6 - 0. Let x = p - -8. Let c(z) = -2 - 4*z**2 - z + 1 + 3*z**2 - 7*z**x. Determine c(-1).
-8
Let n(k) = k**2 + k + 5. Let o be n(0). Let u(t) = t**3 + 5 + t**2 + t - 7*t**2 + o*t - t. Calculate u(5).
5
Suppose 2*d + 5*m - 11 = 16, 0 = 5*d + 2*m - 36. Let h(t) = t**3 - 7*t**2 + 8*t - 3. Calculate h(d).
9
Let a(q) be the second derivative of q**4/12 - 5*q**2/2 - 8*q. Determine a(0).
-5
Let x(f) = -f**3 - 5*f**2 + 7*f + 4. Suppose 0 = i - 17*i - 96. What is x(i)?
-2
Let m(z) be the third derivative of -z**4/6 + z**3/2 + 49*z**2. Give m(6).
-21
Suppose -4*b = -4, 5*w - 26 - 37 = 2*b. Suppose 5*l = w + 12. Let z(f) = -f - 1. Determine z(l).
-6
Let u = -8 + 11. Suppose 5*j - 15 = -0*j + 5*m, -u = -j - 3*m. Let x(g) = 3*g - 4. Determine x(j).
5
Let p(q) = q - 15*q**3 + 4*q**2 - 5 + 16*q**3 - 5*q. What is p(-5)?
-10
Let j(b) = 5*b**2 + 7*b + 9. Let r(t) = 2*t**2 + 3*t + 4. Suppose -5*y = i - 0*i + 45, 0 = -i. Let k(p) = y*r(p) + 4*j(p). Give k(1).
3
Let j(z) = 3*z**2 - 2*z - 2. Let i(c) = 5*c - 33. Let o be i(7). What is j(o)?
6
Let o(y) = -y**2 + 9. Let g = 218 - 218. What is o(g)?
9
Let q(s) = 2*s + 8. Let r(h) = 2*h + 18. Let o(n) = -n**3 - 16*n**2 - 12. Let z be o(-16). Let l be r(z). Calculate q(l).
-4
Let t(v) = -v**2 + 7*v + 3. Let h(y) = -3*y**2 + 20*y + 8. Let z(g) = -3*h(g) + 8*t(g). Let b be 0 - ((-2)/(-1) + -7). Give z(b).
5
Let s be (14/28)/(58/28 + -2). Let w(h) = -h**2 + 6*h - 5. What is w(s)?
-12
Let q = 2 + -1. Let m be -5*-8*q/(-10). Let w(x) = -x**2 - 4*x - 5. Determine w(m).
-5
Let p(i) = 3*i + 25. Let n be p(-10). Let d(c) = c + 6. Determine d(n).
1
Let v(o) = -o**3 + o**2. Let h = 2 - 0. Let q be (h/2)/(0 - -1). Suppose 3*x - 2 = q. Calculate v(x).
0
Let m(s) be the second derivative of -s**4/12 + s**3/3 - 3*s**2/2 + s. Let o be m(2). Let z(d) be the first derivative of d**2/2 + 7*d + 55. Calculate z(o).
4
Let d be (-7)/(-4) + (-1)/(-4). Let u be 115/35 - d/7. Suppose u + 1 = 4*b. Let i(o) = -5*o**3 - o**2. Determine i(b).
-6
Suppose 220 - 218 = 5*p + 2*b, -4*p - 5*b + 5 = 0. Let m(t) = 3 + 7 + 7 - 5*t. Let z(c) = -3*c + 11. Let h(j) = 5*m(j) - 8*z(j). Calculate h(p).
-3
Let b be 4/3*15/(-10). Let n be b/(8/12) - 3. Let z(u) = -u**2 - 8*u + 2. Give z(n).
14
Let b(r) = 4*r**2 - r + 1. Let w(k) = 1 - k**2 + 3 + 0*k**2 - k. Let z be w(0). Suppose z*i + 0*i = 4. Give b(i).
4
Let w(n) = -n**3 - 6*n**2 - 5*n + 3. Suppose -5*q + 2*f = 20, -3*f - 8 - 12 = 5*q. Calculate w(q).
-9
Let s(a) be the second derivative of a**4/8 - a**2 - a. Let z(i) be the first derivative of s(i). Let h = 2 - 3. What is z(h)?
-3
Let t(j) = -5*j. Let d be t(-1). Let w(b) be the second derivative of b**5/20 - b**4/3 - b**3/2 - 7*b**2/2 - 196*b. Determine w(d).
3
Let s(k) = -k**3 + 4*k**2 - 5*k + 4. Let t(n) = 2*n**2 + 5*n - 2. Let f be t(-4). Suppose 4*q + q = f. Let v be q/(-6) - 20/(-6). What is s(v)?
-2
Let b(n) = n**2 - 3*n - 2. Let x(s) = -s**2 - 6*s + 4. Let j be x(-6). What is b(j)?
2
Let f(o) = -o**3 + 7*o**2 - 8*o + 8. Suppose -3*m + 4*n + 39 = 0, -5*m = -6*m + n + 14. Suppose q - 9 = -3*s, 4*s - 3*s = 3*q - m. Give f(q).
-4
Let s be 6/4*(5 + -3). Let d(x) = x**3 - 3*x**2 + 1. Let r be d(s). Let i = 3 + r. Let b(h) = -h - 2. What is b(i)?
-6
Suppose -5*w - 3*m = -44, -4*w - w = 4*m - 47. Let l = w - 7. Suppose -5*k + k + 20 = l. Let f(i) = i**2 - 5*i + 5. Calculate f(k).
5
Let a(m) be the first derivative of -m**2 - 6*m + 9. Determine a(-5).
4
Let y(g) = 15*g**2 + 2*g + 1. Suppose 3 = -7*h - 4. Calculate y(h).
14
Let r(j) = j**2 + 6*j + 2. Let d be r(-4). Let x(b) = b**3 + 7*b**2 + 6*b + 1. What is x(d)?
1
Let m(i) = i**3 + 6*i**2 - 5. Let d be m(-6). Let r(a) be the third derivative of 0*a + 0 - 9*a**2 - 1/24*a**4 + 1/3*a**3. Give r(d).
7
Let f(n) = n + 3. Suppose -2*z - 4*d = 8, -7*z + 2*z + 55 = -5*d. What is f(z)?
9
Let i(q) = q**3 - 6*q**2 + 5*q - 6. Let b(t) = -t**3 + 3*t**2 + 2. Let x be b(3). Suppose -x*r + 1 = -9. Calculate i(r).
-6
Suppose 3*r + 8 - 20 = 0. Let d(y) = -y**3 - 6*y + 6*y - 2 + 3*y**2 + r. Give d(2).
6
Let v = -17 - -12. Let n(j) = j + 7. What is n(v)?
2
Let z(s) = -s**2 + 10*s - 6. Let f be z(9). Let p(r) = 3*r + 0 - 2*r + 2 - 1. Give p(f).
4
Let h(w) = -w + 9. Let q be h(7). Suppose -3 = 5*a + q. Let i(v) be the first derivative of 2*v**4 - 1. Give i(a).
-8
Let p(q) be the second derivative of -q**5/20 + q**3/3 + q**2/2 + 14*q. Give p(2).
-3
Suppose -f - 2*r + 0 + 4 = 0, -4*f + 3*r = 28. Let o = f + 2. Let m(j) = j - 6 + 3 - 2*j. What is m(o)?
-1
Suppose 0*z + 33 = 3*z + 5*k, 15 = 4*z - 3*k. Let s(m) = m**3 - 5*m**2 - 6*m - 5. Calculate s(z).
-5
Let i(k) = 2*k. Let r be i(1). Suppose -r*m + 4*m = 0. Let a(p) = p + 1. Let d(n) = n**3 - n**2 - 2*n - 5. Let c(g) = -2*a(g) - d(g). Calculate c(m).
3
Let i = 2 - 2. Let q = -40 - -41. Let d = q + i. Let c(u) = -7*u**2 - 2*u + 1. Determine c(d).
-8
Let o be 1/((-6)/5 + 1). Let p(c) = c**2 + 4*c - 2. Let x be p(o). Let u(q) = 4*q - 4 + 5*q + 2*q**2 - q**3 - 5*q. Determine u(x).
-1
Suppose -4*x = 3*a - 49, 5*a + 3 + 12 = 3*x. Let o = x - 19. Let b = o + 9. Let g(j) = -j - 3. Determine g(b).
-3
Let t(h) = h**2 + 2. Let o(j) = j**3 + 27*j**2 + 2*j + 56. Let p be o(-27). What is t(p)?
6
Let c(y) be the second derivative of -y**6/360 + y**5/40 + y**4/6 + y**3/6 - 5*y. Let a(t) be the second derivative of c(t). Determine a(5).
-6
Let r(l) = -l**2 + 4*l + 6. Let s be r(0). Let p(c) = c**2 - 6*c + 2. Give p(s).
2
Suppose 0*n - 4 = -n. Let w(v) = -v**2 + 4*v + 5. Calculate w(n).
5
Let w(o) = o**2 + 25*o - 50. Let q be w(-27). Let k(i) = -2*i + 1. Give k(q).
-7
Let q(l) be the second derivative of l**4/12 + 5*l**3/6 + l**2/2 + 3*l. Suppose -2*u = -6*u - 8. What is q(u)?
-5
Let y(a) = -a**2 - 4*a + 10. Let h be y(-7). Let f = h + 13. Let o(d) be the second deriv